*3 - t**2 + t. Determine u(l).
6
Let y be (((-32)/(-20))/(-2))/(1/5). Let j(l) = l**3 + 5*l**2 + 9*l - 6. Let q(n) = -n**3 - 5*n**2 - 11*n + 7. Let h(s) = 4*j(s) + 3*q(s). Calculate h(y).
1
Let n(v) = -v - 12. Let g be 2/(-7)*49*(-429)/462. What is n(g)?
-25
Let b(r) = 6*r**2 - 20*r + 6*r + 13*r - 1 - r**3 + r + 3*r**2. Let t(v) = 4*v - 3. Let k be t(3). Give b(k).
-1
Let u(h) = -3*h - 4. Suppose -41 = -11*l + 14. Suppose 3*p + 23 = -l*y, -3*y + 5 = -4*p + 13. Calculate u(y).
8
Suppose -5*o - 2*d + 0*d + 41 = 0, 0 = o - 5*d + 8. Let n(i) = i**3 - 6*i**2 - 11*i + 24. Let u be n(o). Let k(l) = -3*l + 10*l - 3*l - 6*l. Give k(u).
8
Let z = 91 + -87. Let l(d) = 1 + d**2 + z - 2 - 1. Suppose -s + r = 5*r - 12, s = r - 3. Give l(s).
2
Let c(w) be the first derivative of -2*w**2 + 48*w + 635. Give c(14).
-8
Suppose 18*d + 66 = 15*d. Let t be ((-11)/d)/((-1)/2). Let k be (4 + 1)*(t + 0). Let i(n) = -n - 8. Give i(k).
-3
Let k = -3473 - -3479. Let n(r) = r**3 - 5*r**2 - 28. What is n(k)?
8
Let c(k) be the third derivative of k**5/40 - k**4/3 + 10*k**3 - 3*k**2 - 13*k. Let f(g) be the first derivative of c(g). Give f(6).
10
Let w be (5 - (-26)/(-4))*10/(-3). Let l be 35/w - (13 - 2). Let b(d) = d**2 - 4. What is b(l)?
12
Let k = -8 + 3. Let l be 17/k + 15/(-25). Let h(u) = -2*u + 30. Let v(p) = 8*p - 114. Let d(j) = -23*h(j) - 6*v(j). Calculate d(l).
2
Let u(a) = -3*a**2 + 10*a - 34. Let y(k) = -8*k**2 + 29*k - 102. Let l(c) = 11*u(c) - 4*y(c). Give l(-9).
7
Let k = -83 - -72. Let i(s) = -25 - 10*s - 852*s**2 + 851*s**2 + 28. Calculate i(k).
-8
Let s be (5/55)/(15/4785). Let w(p) = 3*p - 90. Determine w(s).
-3
Let y(l) = l**3 + 2*l**2 - 12*l - 2. Suppose 21 = -3*w + 2*k, -5*w = -30*k + 29*k + 21. Give y(w).
25
Let l(b) = b**2 - 2*b + 6. Let z(o) = 2*o**2 - 4*o - 44. Let n(a) = l(a) - z(a). What is n(-8)?
-30
Let i(y) = -77*y + 1. Let p(t) = -152*t + 16. Let x(d) = 4*i(d) - 2*p(d). Calculate x(-5).
-8
Let a(o) be the third derivative of o**6/120 + 7*o**5/60 + 5*o**4/24 + o**3/3 + 17*o**2. Let u(k) = 43*k**3 + 1116*k**2 - 51*k + 20. Let c be u(-26). Give a(c).
8
Suppose -2*v + 40 = 3*v. Let q(p) be the first derivative of -p**4/4 + 7*p**3/3 + 11*p**2/2 - 8*p - 58197. Give q(v).
16
Suppose 5*g = -20 - 35. Let x(m) = -2*m**2 - m. Let c(w) = w**2 - 9*w. Let a(p) = -c(p) - x(p). Calculate a(g).
11
Suppose -11 = -2*z + 2*f + 3, -f = -4*z + 31. Let x = 11 - z. Suppose -x*s - 4*p = -0 - 19, 3*s + 3*p = 18. Let v(w) = w**2 - 5*w - 7. Calculate v(s).
-7
Let z(y) be the first derivative of 10 + 4*y**2 - 10*y + 1/3*y**3. Determine z(-8).
-10
Let x(k) = 50*k - 681. Let n(l) = 32*l - 341. Let o(s) = -7*n(s) + 4*x(s). Calculate o(-14).
-1
Let u(i) = i**3 - 11*i**2 - 5*i + 62. Let v = 28106 - 28095. Determine u(v).
7
Let l = 267 - 262. Suppose -3*n = -3*p - 3, -l*p + 4*n = -13 + 21. Let y(g) = 3*g. Give y(p).
-12
Suppose -25 = -2*s - 23. Let z(h) = -41*h**2 - h - 41*h**2 + 77*h**2. What is z(s)?
-6
Let v(o) = -2*o - 37. Let a be v(-21). Suppose -5*i + 13 = -i - a*j, 0 = -4*i + 4*j + 12. Let b(l) = -2 - l**2 - l**3 - 6*l**i + 4*l**2. Determine b(-3).
-2
Let i(s) be the second derivative of s**5/20 - 5*s**4/12 + s**3/3 + s**2/2 + 7*s. Let x(n) = 2*n**2 + 74*n + 2. Let a be x(-37). Determine i(a).
-7
Let o(l) = 5*l**2 - 25*l + 12. Let z(x) = 11*x**2 - 53*x + 25. Let p(r) = -13*o(r) + 6*z(r). Determine p(4).
38
Let i = -11 - -6. Let t(f) be the first derivative of f**4/12 + f**3 + f**2/2 - 2*f + 39. Let b(u) be the first derivative of t(u). What is b(i)?
-4
Let l = -179 + 185. Suppose -5*y = r - 3, 2*y - 4*y = -2*r + l. Let f(q) = q**3 - 18. What is f(y)?
-18
Suppose 0 = -d - c - 0*c - 12, d + 28 = -5*c. Let r(h) = 58*h - h**2 + 4 + 0*h**2 + 58*h + 0*h**2 - 120*h. What is r(d)?
-28
Let z(o) be the first derivative of o**2/2 + 30*o - 6256. Give z(22).
52
Let v(r) = r**3 + 6*r**2 - 16*r + 7. Let j(h) = -2*h**3 - 13*h**2 + 35*h - 17. Let b(t) = 4*j(t) + 9*v(t). Give b(-5).
-60
Let z = -98 - 262. Let p be (z/32)/((-1)/4). Let c = p + -49. Let q(v) = -v**3 - 4*v**2 + 4*v + 5. Give q(c).
-11
Let j(s) = -197*s - 5*s**3 + 49 + 5*s**3 - s**3 + 19*s**2 + 176*s. Give j(18).
-5
Suppose 2*z + 2*v + 11 - 17 = 0, z - 19 = -5*v. Let u(a) = 11*a**2 + 3*a + 3. Determine u(z).
11
Suppose 15*k - 10*k = 30*k - 550. Let x(a) = -35*a + 770. Give x(k).
0
Let t = 563393 + -563393. Let p(j) = -7*j**2 - 5 + 3 + 2*j**2. Let w(c) = -c**2 + 1. Let g(u) = -p(u) + 6*w(u). Calculate g(t).
8
Suppose 20*t = 10*t - 25*t + 140. Let k(f) be the second derivative of -f**5/10 + 5*f**4/12 + 5*f**2/2 - f. Calculate k(t).
-43
Let q be 2*2 + (21 - 294/14). Let g(c) = -10*c + 12. Give g(q).
-28
Let j(z) be the first derivative of -3*z**2 - 39 - 11*z + 1/3*z**3. Determine j(9).
16
Suppose -4*g - 8 = -0*g. Let f(u) = 4*u**2 - 10 + 0*u + 10 + 11 - 13 + u**3 + u. Determine f(g).
4
Let w(s) = 4*s + 2*s - 5*s. Let t(j) = j**3 + 8*j**2 + 11*j + 1. Let k be t(-6). Suppose -2*i + 11 = -m, -i = -2*m + k*m. What is w(m)?
-1
Suppose -4*y - m = 28, 3*m = 5*m. Let f(b) = b - 6. Let t(k) = -3*k + 16. Let c(w) = 11*f(w) + 4*t(w). Give c(y).
5
Let f(z) = 6 + 0 - 1903*z**2 + 1904*z**2. What is f(-4)?
22
Suppose 12 = 5*f - 3*i, -2*i - 2*i = -f + 16. Let y(d) = -2*d + d**3 + f - 6 + 9*d + 3 - 7*d**2. Let l be (-36)/8*((-20)/(-3))/(-5). What is y(l)?
3
Let y(b) = -4*b + 8. Let l(h) = 4. Let v(z) = -18. Let r(p) = -4*l(p) - v(p). Let a(c) = -6*r(c) + y(c). Give a(3).
-16
Let q = 89 + -102. Let z(c) = 61*c**2 + 14*c + 1. Let g(a) = -112*a**2 - 28*a - 2. Let l(o) = 6*g(o) + 11*z(o). What is l(q)?
12
Let r(x) be the second derivative of x**4/12 + x**3 - 3*x**2/2 - 5*x. Let p = -66 + 123. Suppose -20 - p = 11*d. Determine r(d).
4
Let j be (6241/158)/(2/(-16) - 0). Let x = -321 - j. Let t(a) = -a**3 - 5*a**2 - 2*a - 1. What is t(x)?
9
Let d(n) = n**2 + 27*n + 49. Let p be (-8 - -2)/(336/504). Give d(p).
-113
Let u = -8 + 3. Let n(h) = -5*h**2 - 3*h - 76. Let c(i) = -3*i**2 - 53. Let p(s) = -3*c(s) + 2*n(s). Give p(u).
12
Let t(y) = y - 16. Suppose -6 = 2*x, -5*x = -2*b - b - 1767. Let a = b - -606. Calculate t(a).
-4
Let z(g) = -g**3 + 6*g**2 + 8*g - 3. Suppose -7 = -8*i + 7*i. Let n be z(i). Suppose n*u = 5*o - 14, 19 + 3 = 5*o - 2*u. Let d(f) = f**2 - 9*f + 9. Give d(o).
-9
Let t(w) = -45*w - 1 - 49*w - 1 + 9*w**3 + 128*w - 36*w. Calculate t(-1).
-9
Let t(o) = 371*o + 1. Let s(b) = -370*b - 4. Let k(r) = 2*s(r) + 2*t(r). Let y = -9 + 13. Suppose 6*p - y*p + 10 = 0. Give k(p).
-16
Suppose -5*f - 50 = -10*f. Let q(o) = -14*o + 1 + 17*o + f*o. Suppose 11*x + 14 = 3. Give q(x).
-12
Let d be ((-126)/(-15))/((1 + 3)/20). Let j = d - 43. Let a be 1 + 1 + 4 + j. Let r(z) = -z**2 + 3*z + 2. Determine r(a).
-8
Let d(i) be the first derivative of -12 - 8*i**2 + 20*i + 1/3*i**3. Let o be d(14). Let m(v) = v + 7. Determine m(o).
-1
Suppose 7*r - 321 = 2*r + 3*t, r - 5*t = 51. Let q(m) = -67*m + 3 + 15 + r*m. What is q(9)?
9
Let n(f) be the second derivative of -f**5/60 - 5*f**4/24 + 17*f**3/6 - 136*f. Let v(m) be the second derivative of n(m). What is v(-3)?
1
Let p(x) = 37*x + 8. Suppose 3 = 3*g + a, 0 = -3*g - 54*a + 58*a + 18. Give p(g).
82
Let o be 30/160*8*2. Suppose 2*k + 27 = -15*r + 18*r, 2*k + o*r + 9 = 0. Let g(z) = -15*z - z**2 + 7*z - 4 + 3. Calculate g(k).
-10
Let l(z) be the first derivative of 0*z + 1/24*z**4 - 13 + 1/2*z**3 - 3*z**2. Let k(x) be the second derivative of l(x). Give k(-5).
-2
Suppose 58*m - 59*m - 3*p + 62 = 0, 3*m - 3*p - 150 = 0. Suppose -7*t - m + 32 = 0. Let s(x) = -2*x**2 - 5*x - 2. Calculate s(t).
-5
Let h(c) = -16*c**2 + 12*c - 8*c**2 + 42*c**2 + 16 - 19*c**2. Determine h(14).
-12
Let u = -30813 + 30815. Let i(r) = 39*r - 94. Calculate i(u).
-16
Let t(n) = -4*n. Let d(b) = b**3 + 11*b**2 + 7. Let m be d(-11). Suppose 0 = 3*c - 2*a + 4*a - m, -a + 1 = -c. Determine t(c).
-4
Let l(n) = 3*n + 3. Suppose 0 = 4*a + 5*x + 113, -5*a = -10*a + x - 163. Let j be (-12)/a*4 - (-60)/(-8). Give l(j).
-15
Let h be -1*2/(5 - 3). Let w(t) = 25*t**2 + 2*t + 1. Let s be w(h). Let m = s + -19. Let l(k) = -k**2 + 4*k - 6. Calculate l(m).
-11
Suppose -p - 3 - 7 = 5*b, -4*p = 3*b + 23. Let r(j) = -17*j**2 - 2*j - 1. Let k(h) = 28*h**2 + 2*h + 2. Let s(a) = 3*k(a) + 5*r(a). Give s(p).
-4
Let j(n) = n**2 + 40*n + 39. Let t(w) = 8*w. Let